-5)). List the prime factors of ((-40)/u)/(1/(-5)).
2
List the prime factors of 3/(-6)*(-671 - -3).
2, 167
Let t(x) = -x - 6. Suppose i + 53 = -5*o, 0 = 4*o + 2*i - 0*i + 40. List the prime factors of t(o).
5
Suppose -181 - 14 = -l. List the prime factors of l.
3, 5, 13
Let p(u) = 3*u - 16. Let o(z) = -2*z + 8. Let s(j) = -5*o(j) - 3*p(j). Let g be s(-7). Suppose -5*x + g = -14. What are the prime factors of x?
3
Let r(o) = 5*o**2 + o. Let b be r(-1). Suppose 5*f + 4*p = 10, -f + b*f = -5*p - 7. What are the prime factors of f?
2, 3
Let a = -3 - -6. Suppose 4*v = a*v + 5*o + 30, -4*v - o + 15 = 0. Suppose 12 = 3*l + v*x - 25, 2*l + 3*x = 23. List the prime factors of l.
2
Let k = -4 + 8. Suppose n = -o + 9, k*n - 29 = 3*n - 5*o. What are the prime factors of n?
2
What are the prime factors of 2444/12 + (20/6 - 3)?
2, 3, 17
Let q = -110 - -199. List the prime factors of q.
89
Let x(a) = -a**3 - 17*a**2 - 13*a - 24. List the prime factors of x(-17).
197
Suppose 0 = 4*j + 5*t - 72, -4*j + 0*j = -t - 48. List the prime factors of j.
13
Suppose l - 5*l - z - 11 = 0, -5*z + 13 = 3*l. Let x = 10 + l. Let w(a) = a**2 - 6*a + 3. List the prime factors of w(x).
3
Suppose -3*v - 3*s = 9, v - 2*v = 5*s + 19. Let n be 2 - (v - -2 - 1). Suppose -2*o + 17 + 5 = n. List the prime factors of o.
11
Let t = -101 + 364. What are the prime factors of t?
263
Suppose -8 = 4*k - 104. List the prime factors of k.
2, 3
Suppose 3*p = -4*m, -2*m + p = -3*p. Suppose x = -m + 2. List the prime factors of x.
2
Let h(u) = u. Let v(j) = -11*j - 1. Let a = -12 - -18. Let z(o) = a*h(o) + v(o). List the prime factors of z(-2).
3
List the prime factors of (21/9)/(5/165).
7, 11
Let r(v) be the second derivative of v**4/4 + v**3/2 + 2*v. What are the prime factors of r(-2)?
2, 3
Let z = 4 + -7. Let t be 3/z + 2 - -15. Suppose -t = -5*k + 4. What are the prime factors of k?
2
Let w(z) = z**3 - 8*z**2 + 5*z + 10. Let t = 10 + -3. Let p be w(t). What are the prime factors of (-5 - 7)/(6/p)?
2
Let c = 111 - 41. List the prime factors of c.
2, 5, 7
Suppose -5*g + 2*j = -145, 6*g + 4*j - 7 = 5*g. Suppose 7*k = 4*k + g. What are the prime factors of k?
3
Let p(n) = -6*n + 6. List the prime factors of p(-5).
2, 3
Let v be (-6)/3 - (-52)/1. Suppose v = 5*d - 2*g, -3*d + 23 = d - 5*g. Let q = d + -4. What are the prime factors of q?
2
Suppose 0 = -w - 5, 0*b + 5*w = -b - 27. Let v(d) be the first derivative of -d**2 + 2*d - 1. List the prime factors of v(b).
2, 3
Suppose 79 + 15 = 2*b. What are the prime factors of b?
47
Let d = 5 + -3. Let q(i) = 3*i**2 + i**d + 0 + 3*i**3 - i - 3 - 2*i**3. List the prime factors of q(-3).
3
Let x = -3 + 7. Let h be (1 - 2)/((-2)/x). Suppose r + h = 9. What are the prime factors of r?
7
List the prime factors of 227 - (1/(-1))/(5 + -4).
2, 3, 19
Suppose i - 12 = -3*i. Let w(t) = -6*t**3 + 3*t**2 + 2. Let j(l) = -l**3 - l + 1. Let g(c) = -5*j(c) + w(c). List the prime factors of g(i).
2, 3
Let f(p) = -p**3 + 4*p**2 + 7*p - 6. Let g be f(5). Let l be -3 + -1 - g/(-2). What are the prime factors of -1 + 7/(-1 - l)?
2, 3
Suppose -2*k + 5*t + 8 = 0, 0*t + 4*t + 8 = 2*k. Let l = k - 2. What are the prime factors of l?
2
Let o = 101 - 21. What are the prime factors of o?
2, 5
Suppose -106 = -2*c + 2*a, 2*c - 3*a - 20 - 81 = 0. What are the prime factors of c?
2, 29
What are the prime factors of (-32)/(-4) - (-2)/(-1)?
2, 3
Let g = -6 - -9. Let l(b) = b**g - 2*b**2 - 3*b - 2 + 3*b + 2*b. List the prime factors of l(2).
2
Let z(s) = -s**3 - 4*s**2 - 6*s - 3. What are the prime factors of z(-5)?
2, 13
Let x = 341 - 212. List the prime factors of x.
3, 43
Let z(k) = k + 19. What are the prime factors of z(14)?
3, 11
Let q(n) = -n**3 - 7*n**2 - 3*n + 5. Let h(f) = 6*f**3 + 35*f**2 + 15*f - 26. Let s(o) = -2*h(o) - 11*q(o). List the prime factors of s(7).
2, 3
Suppose 0 = -5*r + 5*a + 60, 0 = -2*r + 5*a + 2 + 25. What are the prime factors of r/1 - (1 + 0)?
2, 5
Let b = 165 - 47. List the prime factors of b.
2, 59
Let i be (-4)/6 - 128/(-12). Let v be 4/i - 396/(-10). Suppose 2*r - v = -2*r. What are the prime factors of r?
2, 5
Suppose 0 = r + r - 4, 2*b + 4*r - 18 = 0. List the prime factors of b.
5
Let x be 0 + (4 - 0)/2. Suppose -3*m - 188 = -7*m + w, w = -3*m + 148. Suppose -f = x*f - m. What are the prime factors of f?
2
Suppose 5*w - 2*z + 0*z - 1623 = 0, -5*w + 4*z + 1621 = 0. What are the prime factors of w/20 - (-1)/(-4)?
2
Suppose -10 = -7*h + 18. Suppose 0*u + h = -2*u, -5*u - 47 = -c. List the prime factors of c.
37
Let c(n) = -n**3 + 5*n**2 + 6*n + 4. Let f be c(6). Suppose o - 2 = 0, 12 - 36 = -f*w - 2*o. Suppose 4*b + w*h = 3 + 8, -4*h = 4. List the prime factors of b.
2
Suppose 0 = 2*b + 5 + 5. Let l be (-8)/5*(b + 0). Suppose -2*f + 32 = l. What are the prime factors of f?
2, 3
Let n be (-2 - -4)/((-2)/(-19)). What are the prime factors of (-1 - -1) + -2 + n?
17
Let u(a) = 3*a**2 - 3*a + 6. Let x be u(4). Suppose 3*t = -2*l - l + x, -4*t = -5*l + 97. Suppose -l = -2*g + 5. List the prime factors of g.
11
Let z be -29*(-4 - (-4 + 1)). Let t = 46 - z. List the prime factors of t.
17
What are the prime factors of (1 - 4/3)/((-3)/63)?
7
Let h = 137 + -53. List the prime factors of h.
2, 3, 7
Suppose 83 = 5*b - 97. Let q = b - 20. List the prime factors of q.
2
Let p = -23 - -37. Let b be 14/18 + (-4)/(-18) + -6. List the prime factors of p/2 - (4 + b).
2
Let j be -7 + (-2 + 4)/(-2). Let c(h) = -59*h**2 - h. Let n be c(1). What are the prime factors of n/j*8/10?
2, 3
Suppose f = -0*f + 2*a - 2, 2*a = -5*f + 38. Let b(g) = 4*g. What are the prime factors of b(f)?
2, 3
Suppose -2*a - 78 = -a. Let q = a - -161. Suppose 3*k = c - 19 + 66, -5*k + 4*c + q = 0. What are the prime factors of k?
3, 5
Let k = -7 + 11. Suppose -k*d - d = -50. List the prime factors of d.
2, 5
Suppose 13 = 5*y - 27. Suppose -a - y = -d + 2*a, 31 = 2*d - a. List the prime factors of d.
17
Let d(b) be the third derivative of 1/3*b**3 - b**2 + 0 + 0*b - 1/24*b**4. What are the prime factors of d(-6)?
2
Let j(w) = -5 + 1 + 3 + 12*w. Suppose -4 = -4*x - 0*x. List the prime factors of j(x).
11
Suppose 5*a + 4*s = 2*a + 98, 0 = 5*a - 2*s - 120. Suppose a = p + 2. What are the prime factors of p?
2, 3
Suppose 623 = 5*f + 2*f. What are the prime factors of f?
89
What are the prime factors of (7/(-21))/(-2 + 3327/1665)?
5, 37
Let q(n) = -n**3 + 13*n**2 - 28*n + 4. List the prime factors of q(8).
2, 5
Suppose -5*h + 13*h - 1552 = 0. What are the prime factors of h?
2, 97
Suppose 3*b = -5*t + 50, -3*t + 0*t - 5*b = -46. What are the prime factors of (2/2)/(t/301)?
43
Let i = 2 + -5. Let a = i - -7. What are the prime factors of (14/(-3))/(a/(-12))?
2, 7
List the prime factors of ((-29)/2)/((-3)/6).
29
Suppose -5*q = -3*q - 98. What are the prime factors of q?
7
List the prime factors of (-2912)/(-63) + (4/(-18) - 0).
2, 23
Suppose -3*g + 4*q = -5, 0 = -2*g - 3*q + 2*q - 15. Let w be 3/2*4/6. What are the prime factors of w/(-5) + (-51)/g?
2, 5
Let l(c) = c + 7. Let p be l(-3). Suppose p*g = z + 3*z + 48, -4*g + 60 = -z. List the prime factors of g.
2
Suppose -4*q = -0*q + 8, -3*q = -3*v + 285. What are the prime factors of v?
3, 31
Let k(t) = t + 7. Let g be k(-5). Suppose -i + 15 = 4*p + g*i, p = -4*i + 7. Let m = 13 - p. List the prime factors of m.
2, 5
List the prime factors of 22/5*(-3 + 8).
2, 11
List the prime factors of 234/2 + (-8 - -5).
2, 3, 19
Let k = -227 - -590. List the prime factors of k.
3, 11
List the prime factors of 378/10 + 10/50.
2, 19
Let s(m) be the first derivative of m**2 - 5*m - 3. What are the prime factors of s(10)?
3, 5
Let y(k) = k**2 - 2*k - 5. Let l be y(7). List the prime factors of 12/l + 216/10.
2, 11
Let b = -29 + 67. List the prime factors of b.
2, 19
Suppose 0 = 2*b - 3 + 17. Let g(x) = -3*x + 1. List the prime factors of g(b).
2, 11
What are the prime factors of (15/(-60) - 13/(-4)) + 4?
7
Let m be ((-2)/(-3))/(6/27). Suppose a - 5*p + m = 0, 0*a = -2*a - 5*p + 54. What are the prime factors of a?
17
Let z be 4/14 - (-258)/(-21). Let y = 18 + z. Suppose -2*c = -y*c + 8. List the prime factors of c.
2
Let g be 0 - (-6 + (-4)/(-4)). Suppose -4*c + 27 = -4*z + g*z, -5*z - c = -116. List the prime factors of z.
23
Suppose 0 = o + 2*o - 12. Suppose -d = r - 